lse
Suppose -4*j - 2557 = -5*t - 9509, -3*j + 5215 = -4*t. Is j prime?
True
Let w be 1437 + 6*5/(-10). Let p = w + -861. Suppose 2*k - p = -k. Is k prime?
True
Let j(a) = -8*a**3 + 13*a**2 + 26*a + 7. Is j(-8) a composite number?
True
Let j(b) = 22142*b**3 - b**2 + 2*b - 2. Is j(1) prime?
False
Let n = 1081 + -493. Suppose y = n + 526. Is y composite?
True
Let d(k) = -103*k**3 + 20*k - 12. Is d(-5) a prime number?
True
Suppose 2*q = 6*q - 2*k - 2, -3*q + k = -4. Is q*(-6)/45 - (-41349)/35 a composite number?
False
Let h = 73754 + -24937. Is h prime?
True
Let j = -62 + 133. Suppose 4*d + j = 227. Is d prime?
False
Suppose -10*s = -7*s - k - 15338, k = 1. Is s a prime number?
True
Is -6 - (-6942)/(-1 + 7) prime?
True
Suppose -47161 = -11*j + 55645. Is j a composite number?
True
Let n be 32254/30 - (-20)/(-150). Suppose 2*j - m - n = 0, -3*j + 4*m = -0*m - 1610. Is j composite?
True
Is (-3876 - -7 - 4)*2/(-6) prime?
True
Let y = 561 - 182. Is y a composite number?
False
Is 61625/15 - -4*3/18 a prime number?
False
Let k be 2 - 0 - 0 - 17. Let c = 24 + k. Suppose 0 = -4*v - 5*i + 264, -3*v + i + 226 = c. Is v a prime number?
True
Let b(k) = 221*k**2 - 4. Let n be b(3). Suppose -2*u - n = -7*u. Is u a composite number?
False
Let q(l) = l**2 - 1. Let o(x) = 165*x**2 - x - 3. Let v(n) = o(n) - 3*q(n). Is v(-1) a prime number?
True
Let g be (-18)/7 - 56/(-98). Let t be (-4 - -8) + g + 0. Suppose 4*z = 2*k + 272, 0 = k + t - 0. Is z prime?
True
Let r be (566/(-3))/(17/(-153)). Suppose 0 = 5*k - 3*i - r, 0*k - 2*i + 1015 = 3*k. Is k prime?
False
Is (-45831)/(-8) + 114/912 prime?
False
Suppose 5*v = -o + 94967, 0*o = 2*v + 5*o - 37996. Is ((-4)/(-6))/(26/v) a prime number?
True
Let i(k) = -k**3 + 8*k**2 + 1. Let j be i(8). Let s be j*-1 - (3 + -2). Is (-2)/4*s + 1380 composite?
False
Let a be ((-3)/(-6))/(46/(-12) + 4). Suppose a*d + 1372 = 4*s, 0 = 2*s + d - 6*d - 672. Is s composite?
True
Let j be 298*(0 + (-2)/(-4)). Let b = j + 12. Is b a composite number?
True
Let u = -91739 - -131310. Is u a composite number?
True
Suppose 2*t + 7802 = c, 2*t - 3*c + 3130 = -4676. Is 23/((-23)/t) + 2/(-2) a prime number?
False
Let v = 14 + -11. Suppose 0 = v*n + 4*d - 27, 2*n + 18 - 43 = -5*d. Suppose -3*z + 51 = t + z, 42 = t - n*z. Is t a composite number?
False
Let d(i) = 9862*i**2 - 12*i - 11. Is d(-1) a prime number?
False
Suppose 4*t - r = 15746, -8*t - 3*r = -9*t + 3931. Is t a prime number?
False
Let j(g) = g**3 - 20*g**2 - 9*g - 35. Is j(23) composite?
True
Let x = -4 + 6. Let f(m) = -2*m**2 - 64*m - 52. Let l be f(-27). Is 4/x*l/4 a composite number?
False
Suppose -31716 = -5*h - 7*h. Let f = h - 1426. Is f a prime number?
True
Let q(r) = -4*r**3 + 27*r**2 - 12*r + 25. Let l(i) = -2*i**3 + 14*i**2 - 6*i + 12. Let a(k) = 7*l(k) - 4*q(k). Is a(11) composite?
True
Suppose 5*w - 4*v - 8002 = -995, -2*w + v + 2801 = 0. Is w a composite number?
False
Suppose -3 = 4*a + 3*g, 4*g = -2*a - 0*a - 14. Suppose a*d - 446 = -17. Is d prime?
False
Let j = -1718 - -4155. Is j a prime number?
True
Suppose y - 3*d - 98 = 420, -3*d - 3 = 0. Let j(p) = -y*p**3 + 2 + 106*p**3 - p - 3. Is j(-1) prime?
True
Suppose 5*f + 5 = -40. Let x be 3*-3*5/f. Suppose -4*g + 2*a + 238 = 0, 4*g - 8 - 233 = x*a. Is g composite?
False
Let o(n) = 17591*n - 2. Let q be o(1). Suppose -20345 = -3*w + 2*m, 5*m - q = -3*w + 2728. Is w composite?
False
Let a(j) = -j**2 + 12*j. Let v be a(11). Suppose -3*s - v = 7. Is (145/15)/((-1)/s) prime?
False
Suppose 0 = 5*d + 2*i - 14, 2 = -d - 2*i - 0. Suppose 0 = -2*y + 6, 2*p + 4*y = -0*y + 1028. Suppose -d*w + p = -0*w. Is w a prime number?
True
Suppose 69713 = 7*r - 35658. Is r composite?
False
Let n be -4*(972/8)/(-9). Let d = n + 199. Is d prime?
False
Suppose 49*n - 1150675 = -257552. Is n composite?
True
Let c = 13980 + -7439. Is c a composite number?
True
Let d be (-32)/12*(-723)/2. Let h = d + -625. Is h composite?
True
Suppose 5*u = g + 186039, -74434 = 111*u - 113*u + 5*g. Is u a prime number?
False
Let p(j) = 389*j + 178. Is p(27) prime?
False
Let n = -12457 - -25394. Is n a composite number?
True
Suppose -486*t + 491*t = 79525. Is t a composite number?
True
Suppose 4460 = 16*l - 21*l. Let j = l + 2703. Is j a composite number?
False
Let f be ((-2100)/(-45))/(2/6). Suppose 3*u - 2*s - 430 = 0, f = u + 2*s + 2. Is u prime?
False
Suppose o = 5*s - 2*s + 195, 525 = 3*o + 3*s. Is -5*(4/18 + (-42988)/o) a prime number?
True
Let y = -879 - -1278. Let i be (1*10)/(4/74). Let o = y - i. Is o prime?
False
Let g(u) = u**3 - 17*u**2 - u + 20. Let s be g(17). Suppose s*h = l + 3, 3*l + 3*h - 3 = 5*l. Suppose -2*k + 527 - 145 = l. Is k prime?
True
Let v = 1130 + 141. Is v a prime number?
False
Suppose 5*k + g + 6438 = 0, k + 1286 = -0*k - g. Let x be k/(-6) - 8/12. Is 1*(x + 6/(-2)) a prime number?
True
Suppose 5*n + 6577 = g, -5*n + 4*n + 13176 = 2*g. Is g prime?
False
Suppose -10*d = 14*d - 8*d. Let x = -86 + 157. Suppose 0*f - z = 2*f - x, d = -4*f + z + 133. Is f composite?
True
Let w(p) = -13170*p**3 + 3*p**2 - 4*p - 6. Is w(-1) a composite number?
False
Suppose 7*l + 44193 = 177116. Is l a prime number?
False
Let y be ((-8)/(0 - 2))/(-5)*-785. Suppose 3*r + 2*i = 1343, -3*r + 3*i + 725 = -y. Is r a composite number?
False
Let z = 81 + -16. Suppose 5*y + 0*y = z. Suppose -10*j + y*j - 1227 = 0. Is j composite?
False
Let k = 15 - 14. Let o(f) = 7*f**3 + 5*f**2 + f - 2. Let u(n) = -n**3 + n**2 + n + 1. Let a(p) = k*o(p) - 2*u(p). Is a(3) prime?
True
Let w be 26/(-65) + (-27)/(-5). Suppose -l = 4*a + 4, -2*l - 3*a = -w*l + 18. Is l*(273/4)/7 prime?
False
Let c(p) be the third derivative of p**5/60 - p**4/3 + 25*p**3/6 - 17*p**2. Is c(11) composite?
True
Let j be 3/((-5)/((-20)/6)). Suppose f = j*w - 6 + 1, w = 2*f + 4. Suppose -5*p - w*z = 3*z - 1725, -3*p + 3*z = -1047. Is p a prime number?
True
Is (1 - 4) + 6199 - -1 composite?
False
Suppose -114*o = -119*o + 32345. Is o composite?
False
Let n(j) = 24*j**2 + j + 23. Is n(18) a composite number?
False
Let v(h) = -4*h - 2. Let q be v(0). Is 10 + 10/q - -530 a composite number?
True
Suppose 2*j + 8 = 0, 0 = 5*t + 3*j - j - 322. Let h(x) = 2*x + 13. Let q be h(-5). Suppose q*a - 5*a + t = 0. Is a a prime number?
False
Let x = -16 - -16. Suppose 2*q - 42 = -q. Let j = q + x. Is j a composite number?
True
Let q(p) = 52*p**2 - 33*p + 253. Is q(18) a composite number?
True
Let b = 3 - 1. Suppose 4*h - 8*h + b*q = -460, -2*q - 8 = 0. Is h a prime number?
True
Suppose 5*f - 9125 = -0*f. Suppose 6*l + 730 = 2*d + 4*l, l + f = 5*d. Is d a composite number?
True
Let k(o) = 12605*o**2 + 2. Is k(-1) a composite number?
True
Let j(g) = 58*g + 2. Suppose 3*h - 12 = 15. Let a be j(h). Suppose -a = -2*l - 2*l. Is l a prime number?
True
Let a(c) = 370*c**2 + 5*c - 8. Is a(-5) composite?
True
Suppose 0 = 5*d - 25, -4*d + 20 = -c + 2*c. Suppose 2*p - 709 = -3*x, 5*x + 2*p + c*p = 1183. Is x composite?
True
Is (148*413/140)/(1/5) prime?
False
Suppose 0 = 4*k - 5*b - 7, 3*b - 1 + 2 = 2*k. Suppose q - 293 = -4*y, -k*q - y = -4*q - 1202. Is q a composite number?
True
Let y(r) = r - 1. Let x be y(-6). Let c = -4 - x. Suppose 8*b - c*b = 2*v - 111, -b - 48 = -v. Is v a composite number?
False
Is (168126/(-12) + -14)/(2/(-4)) prime?
False
Suppose 0 = -232*f + 221*f + 71907. Is f composite?
True
Suppose 2*j - 584 = 142. Let k = j - 146. Is k a prime number?
False
Let l = 13646 + -7503. Is l a prime number?
True
Let z be (-7 + 3)*(0 - 1). Suppose -z*a - 1 + 13 = 0. Suppose a*r = 9, u - 4*u + 3*r + 66 = 0. Is u prime?
False
Let p = -1751 + 2292. Is p a prime number?
True
Let m = 17 + -20. Let n be (-6 - 30)*(-13)/m. Let u = n + 407. Is u a prime number?
True
Let n = -10 - -14. Is 268 + n/(-16)*-4 prime?
True
Suppose -4*w - 3 = -w. Let f = w + 5. Suppose f*c = 5*c - 223. Is c prime?
True
Let x(l) = -4*l**2 + 9*l. Let r(y) = y**2 - y - 1. Let c(n) = -3*r(n) - x(n). Let m be c(7). Suppose 0*v + 3239 = 3*v + 2*o, 0 = 5*o + m. Is v a prime number?
False
Let y be 4/(-1 + -3)*-2741. Suppose -2*z + 4*k + 3250 = 0, k - y = -4*z + 3714. Suppose 2*b - z = -3*b. Is b prime?
False
Suppose -2*j = 3*n + 405, 5*n + 2*j - 5*j + 656 = 0. Let y = n - -464. Is y a composite number?
False
Let i = -11279 - -19480. Is i a prime number?
False
Is (3/9)/((-2)